{"id":833,"date":"2023-01-20T19:36:53","date_gmt":"2023-01-20T19:36:53","guid":{"rendered":"https:\/\/hosteriaboulevard.com\/?page_id=833"},"modified":"2023-01-20T19:44:45","modified_gmt":"2023-01-20T19:44:45","slug":"habitacion-familiar","status":"publish","type":"page","link":"https:\/\/hosteriaboulevard.com\/index.php\/habitacion-familiar\/","title":{"rendered":"HABITACION FAMILIAR"},"content":{"rendered":"\t\t<div data-elementor-type=\"wp-page\" data-elementor-id=\"833\" class=\"elementor elementor-833\">\n\t\t\t\t\t\t<section class=\"elementor-section elementor-top-section elementor-element elementor-element-7ec93a5d elementor-section-boxed elementor-section-height-default elementor-section-height-default\" data-id=\"7ec93a5d\" data-element_type=\"section\" data-e-type=\"section\" data-settings=\"{&quot;background_background&quot;:&quot;classic&quot;}\">\n\t\t\t\t\t\t\t<div class=\"elementor-background-overlay\"><\/div>\n\t\t\t\t\t\t\t<div class=\"elementor-container elementor-column-gap-default\">\n\t\t\t\t\t<div class=\"elementor-column elementor-col-100 elementor-top-column elementor-element elementor-element-7242c4fb\" data-id=\"7242c4fb\" data-element_type=\"column\" data-e-type=\"column\">\n\t\t\t<div class=\"elementor-widget-wrap elementor-element-populated\">\n\t\t\t\t\t\t<div class=\"elementor-element elementor-element-713a3606 elementor-widget elementor-widget-heading\" data-id=\"713a3606\" data-element_type=\"widget\" data-e-type=\"widget\" data-widget_type=\"heading.default\">\n\t\t\t\t<div class=\"elementor-widget-container\">\n\t\t\t\t\t<h1 class=\"elementor-heading-title elementor-size-default\">HABITACI\u00d3N FAMILIAR<\/h1>\t\t\t\t<\/div>\n\t\t\t\t<\/div>\n\t\t\t\t\t<\/div>\n\t\t<\/div>\n\t\t\t\t\t<\/div>\n\t\t<\/section>\n\t\t\t\t<section class=\"elementor-section elementor-top-section elementor-element elementor-element-2187253 elementor-section-boxed elementor-section-height-default elementor-section-height-default\" data-id=\"2187253\" data-element_type=\"section\" data-e-type=\"section\">\n\t\t\t\t\t\t<div class=\"elementor-container elementor-column-gap-default\">\n\t\t\t\t\t<div class=\"elementor-column elementor-col-100 elementor-top-column elementor-element elementor-element-8bce676\" data-id=\"8bce676\" data-element_type=\"column\" data-e-type=\"column\">\n\t\t\t<div class=\"elementor-widget-wrap elementor-element-populated\">\n\t\t\t\t\t\t<section class=\"elementor-section elementor-inner-section elementor-element elementor-element-f89a7cd elementor-section-boxed elementor-section-height-default elementor-section-height-default\" data-id=\"f89a7cd\" data-element_type=\"section\" data-e-type=\"section\">\n\t\t\t\t\t\t<div class=\"elementor-container elementor-column-gap-default\">\n\t\t\t\t\t<div class=\"elementor-column elementor-col-50 elementor-inner-column elementor-element elementor-element-1d7e28d\" data-id=\"1d7e28d\" data-element_type=\"column\" data-e-type=\"column\">\n\t\t\t<div class=\"elementor-widget-wrap elementor-element-populated\">\n\t\t\t\t\t\t<div class=\"elementor-element elementor-element-b7f686a elementor-widget elementor-widget-image\" data-id=\"b7f686a\" data-element_type=\"widget\" data-e-type=\"widget\" data-widget_type=\"image.default\">\n\t\t\t\t<div class=\"elementor-widget-container\">\n\t\t\t\t\t\t\t\t\t\t\t\t\t\t\t<img fetchpriority=\"high\" decoding=\"async\" width=\"768\" height=\"739\" src=\"https:\/\/hosteriaboulevard.com\/wp-content\/uploads\/2023\/01\/fliar-768x739.jpeg\" class=\"attachment-medium_large size-medium_large wp-image-777\" alt=\"\" srcset=\"https:\/\/hosteriaboulevard.com\/wp-content\/uploads\/2023\/01\/fliar-768x739.jpeg 768w, https:\/\/hosteriaboulevard.com\/wp-content\/uploads\/2023\/01\/fliar-300x289.jpeg 300w, https:\/\/hosteriaboulevard.com\/wp-content\/uploads\/2023\/01\/fliar-1024x986.jpeg 1024w, https:\/\/hosteriaboulevard.com\/wp-content\/uploads\/2023\/01\/fliar-1536x1478.jpeg 1536w, https:\/\/hosteriaboulevard.com\/wp-content\/uploads\/2023\/01\/fliar.jpeg 1600w\" sizes=\"(max-width: 768px) 100vw, 768px\" \/>\t\t\t\t\t\t\t\t\t\t\t\t\t\t\t<\/div>\n\t\t\t\t<\/div>\n\t\t\t\t\t<\/div>\n\t\t<\/div>\n\t\t\t\t<div class=\"elementor-column elementor-col-50 elementor-inner-column elementor-element elementor-element-2615c51\" data-id=\"2615c51\" data-element_type=\"column\" data-e-type=\"column\">\n\t\t\t<div class=\"elementor-widget-wrap elementor-element-populated\">\n\t\t\t\t\t\t<div class=\"elementor-element elementor-element-e843bcf elementor-widget elementor-widget-image\" data-id=\"e843bcf\" data-element_type=\"widget\" data-e-type=\"widget\" data-widget_type=\"image.default\">\n\t\t\t\t<div class=\"elementor-widget-container\">\n\t\t\t\t\t\t\t\t\t\t\t\t\t\t\t<img decoding=\"async\" width=\"1024\" height=\"664\" src=\"https:\/\/hosteriaboulevard.com\/wp-content\/uploads\/2023\/01\/5ca36aab-f23a-46d2-8004-76ec09e5a88b-1024x664.jpeg\" class=\"attachment-large size-large wp-image-749\" alt=\"\" srcset=\"https:\/\/hosteriaboulevard.com\/wp-content\/uploads\/2023\/01\/5ca36aab-f23a-46d2-8004-76ec09e5a88b-1024x664.jpeg 1024w, https:\/\/hosteriaboulevard.com\/wp-content\/uploads\/2023\/01\/5ca36aab-f23a-46d2-8004-76ec09e5a88b-300x195.jpeg 300w, https:\/\/hosteriaboulevard.com\/wp-content\/uploads\/2023\/01\/5ca36aab-f23a-46d2-8004-76ec09e5a88b-768x498.jpeg 768w, https:\/\/hosteriaboulevard.com\/wp-content\/uploads\/2023\/01\/5ca36aab-f23a-46d2-8004-76ec09e5a88b-1536x996.jpeg 1536w, https:\/\/hosteriaboulevard.com\/wp-content\/uploads\/2023\/01\/5ca36aab-f23a-46d2-8004-76ec09e5a88b.jpeg 1600w\" sizes=\"(max-width: 1024px) 100vw, 1024px\" \/>\t\t\t\t\t\t\t\t\t\t\t\t\t\t\t<\/div>\n\t\t\t\t<\/div>\n\t\t\t\t<div class=\"elementor-element elementor-element-cf0a9e0 elementor-widget elementor-widget-text-editor\" data-id=\"cf0a9e0\" data-element_type=\"widget\" data-e-type=\"widget\" data-widget_type=\"text-editor.default\">\n\t\t\t\t<div class=\"elementor-widget-container\">\n\t\t\t\t\t\t\t\t\t<p><em><strong>Habitacion familiar, con 4 camas individuales y una doble, ba\u00f1o privado, televisor, calefaccion, aire acondicionado y ropa de cama<\/strong><\/em><\/p><p><strong> <span style=\"text-decoration: underline;\">Capacidad: 6 Personas <\/span><\/strong><b><u>m\u00e1ximo<\/u><\/b><\/p>\t\t\t\t\t\t\t\t<\/div>\n\t\t\t\t<\/div>\n\t\t\t\t\t<\/div>\n\t\t<\/div>\n\t\t\t\t\t<\/div>\n\t\t<\/section>\n\t\t\t\t\t<\/div>\n\t\t<\/div>\n\t\t\t\t\t<\/div>\n\t\t<\/section>\n\t\t\t\t<section class=\"elementor-section elementor-top-section elementor-element elementor-element-383dda5 elementor-section-boxed elementor-section-height-default elementor-section-height-default\" data-id=\"383dda5\" data-element_type=\"section\" data-e-type=\"section\">\n\t\t\t\t\t\t<div class=\"elementor-container elementor-column-gap-default\">\n\t\t\t\t\t<div class=\"elementor-column elementor-col-100 elementor-top-column elementor-element elementor-element-d3198e7\" data-id=\"d3198e7\" data-element_type=\"column\" data-e-type=\"column\">\n\t\t\t<div class=\"elementor-widget-wrap elementor-element-populated\">\n\t\t\t\t\t\t<div class=\"elementor-element elementor-element-cb7b699 elementor-widget elementor-widget-heading\" data-id=\"cb7b699\" data-element_type=\"widget\" data-e-type=\"widget\" data-widget_type=\"heading.default\">\n\t\t\t\t<div class=\"elementor-widget-container\">\n\t\t\t\t\t<h2 class=\"elementor-heading-title elementor-size-default\">Formulario Pre-Reserva<\/h2>\t\t\t\t<\/div>\n\t\t\t\t<\/div>\n\t\t\t\t<div class=\"elementor-element elementor-element-f852f9c elementor-widget elementor-widget-heading\" data-id=\"f852f9c\" data-element_type=\"widget\" data-e-type=\"widget\" data-widget_type=\"heading.default\">\n\t\t\t\t<div class=\"elementor-widget-container\">\n\t\t\t\t\t<h2 class=\"elementor-heading-title elementor-size-default\">Habitaci\u00f3n Familiar<\/h2>\t\t\t\t<\/div>\n\t\t\t\t<\/div>\n\t\t\t\t<div class=\"elementor-element elementor-element-f349c98 elementor-widget elementor-widget-shortcode\" data-id=\"f349c98\" data-element_type=\"widget\" data-e-type=\"widget\" data-widget_type=\"shortcode.default\">\n\t\t\t\t<div class=\"elementor-widget-container\">\n\t\t\t\t\t\t\t<div class=\"elementor-shortcode\">\n<div class=\"wpcf7 no-js\" id=\"wpcf7-f851-o1\" lang=\"es-ES\" dir=\"ltr\" data-wpcf7-id=\"851\">\n<div class=\"screen-reader-response\"><p role=\"status\" aria-live=\"polite\" aria-atomic=\"true\"><\/p> <ul><\/ul><\/div>\n<form action=\"\/index.php\/wp-json\/wp\/v2\/pages\/833#wpcf7-f851-o1\" method=\"post\" class=\"wpcf7-form init\" aria-label=\"Formulario de contacto\" novalidate=\"novalidate\" data-status=\"init\">\n<fieldset class=\"hidden-fields-container\"><input type=\"hidden\" name=\"_wpcf7\" value=\"851\" \/><input type=\"hidden\" name=\"_wpcf7_version\" value=\"6.1.5\" \/><input type=\"hidden\" name=\"_wpcf7_locale\" value=\"es_ES\" \/><input type=\"hidden\" name=\"_wpcf7_unit_tag\" value=\"wpcf7-f851-o1\" \/><input type=\"hidden\" name=\"_wpcf7_container_post\" value=\"0\" \/><input type=\"hidden\" name=\"_wpcf7_posted_data_hash\" value=\"\" \/>\n<\/fieldset>\n<p><label> Tu nombre<br \/>\n<span class=\"wpcf7-form-control-wrap\" data-name=\"your-name\"><input size=\"40\" maxlength=\"400\" class=\"wpcf7-form-control wpcf7-text wpcf7-validates-as-required\" autocomplete=\"name\" aria-required=\"true\" aria-invalid=\"false\" value=\"\" type=\"text\" name=\"your-name\" \/><\/span> <\/label>\n<\/p>\n<p><label> Tu correo electr\u00f3nico<br \/>\n<span class=\"wpcf7-form-control-wrap\" data-name=\"your-email\"><input size=\"40\" maxlength=\"400\" class=\"wpcf7-form-control wpcf7-email wpcf7-validates-as-required wpcf7-text wpcf7-validates-as-email\" autocomplete=\"email\" aria-required=\"true\" aria-invalid=\"false\" value=\"\" type=\"email\" name=\"your-email\" \/><\/span> <\/label>\n<\/p>\n<p><label> Telefono<br \/>\n<span class=\"wpcf7-form-control-wrap\" data-name=\"telefono\"><input size=\"40\" maxlength=\"400\" class=\"wpcf7-form-control wpcf7-tel wpcf7-text wpcf7-validates-as-tel\" aria-invalid=\"false\" value=\"\" type=\"tel\" name=\"telefono\" \/><\/span> <\/label><br \/>\n<label> Fecha Entrada<br \/>\n<span class=\"wpcf7-form-control-wrap\" data-name=\"ReservaFechaentrada\"><input size=\"40\" maxlength=\"400\" class=\"wpcf7-form-control wpcf7-text walcf7-datepicker\" aria-invalid=\"false\" value=\"\" type=\"text\" name=\"ReservaFechaentrada\" \/><\/span> <\/label><br \/>\n<label> Fecha Salida<br \/>\n<span class=\"wpcf7-form-control-wrap\" data-name=\"ReservaFechaSalida\"><input size=\"40\" maxlength=\"400\" class=\"wpcf7-form-control wpcf7-text walcf7-datepicker\" aria-invalid=\"false\" value=\"\" type=\"text\" name=\"ReservaFechaSalida\" \/><\/span> <\/label>\n<\/p>\n<p><label> Mensaje (opcional)<br \/>\n<span class=\"wpcf7-form-control-wrap\" data-name=\"your-message\"><textarea cols=\"40\" rows=\"10\" maxlength=\"2000\" class=\"wpcf7-form-control wpcf7-textarea\" aria-invalid=\"false\" name=\"your-message\"><\/textarea><\/span> <\/label>\n<\/p>\n<p><input class=\"wpcf7-form-control wpcf7-submit has-spinner\" type=\"submit\" value=\"Enviar Pre-Reserva\" \/>\n<\/p><div class=\"wpcf7-response-output\" aria-hidden=\"true\"><\/div>\n<\/form>\n<\/div>\n<\/div>\n\t\t\t\t\t\t<\/div>\n\t\t\t\t<\/div>\n\t\t\t\t\t<\/div>\n\t\t<\/div>\n\t\t\t\t\t<\/div>\n\t\t<\/section>\n\t\t\t\t<\/div>\n\t\t","protected":false},"excerpt":{"rendered":"<p>HABITACI\u00d3N FAMILIAR Habitacion familiar, con 4 camas individuales y una doble, ba\u00f1o privado, televisor, calefaccion, aire acondicionado y ropa de cama Capacidad: 6 Personas m\u00e1ximo Formulario Pre-Reserva Habitaci\u00f3n Familiar<\/p>\n","protected":false},"author":1,"featured_media":0,"parent":0,"menu_order":0,"comment_status":"closed","ping_status":"closed","template":"","meta":{"site-sidebar-layout":"no-sidebar","site-content-layout":"page-builder","ast-global-header-display":"","ast-main-header-display":"","ast-hfb-above-header-display":"","ast-hfb-below-header-display":"","ast-hfb-mobile-header-display":"","site-post-title":"disabled","ast-breadcrumbs-content":"","ast-featured-img":"disabled","footer-sml-layout":"","theme-transparent-header-meta":"","adv-header-id-meta":"","stick-header-meta":"","header-above-stick-meta":"","header-main-stick-meta":"","header-below-stick-meta":"","footnotes":""},"class_list":["post-833","page","type-page","status-publish","hentry"],"yoast_head":"<!-- This site is optimized with the Yoast SEO plugin v26.7 - https:\/\/yoast.com\/wordpress\/plugins\/seo\/ -->\n<title>HABITACION FAMILIAR - Hosteria Boulevard<\/title>\n<meta name=\"robots\" content=\"index, follow, max-snippet:-1, max-image-preview:large, max-video-preview:-1\" \/>\n<link rel=\"canonical\" href=\"https:\/\/hosteriaboulevard.com\/index.php\/habitacion-familiar\/\" \/>\n<meta property=\"og:locale\" content=\"es_ES\" \/>\n<meta property=\"og:type\" content=\"article\" \/>\n<meta property=\"og:title\" content=\"HABITACION FAMILIAR - Hosteria Boulevard\" \/>\n<meta property=\"og:description\" content=\"HABITACI\u00d3N FAMILIAR Habitacion familiar, con 4 camas individuales y una doble, ba\u00f1o privado, televisor, calefaccion, aire acondicionado y ropa de cama Capacidad: 6 Personas m\u00e1ximo Formulario Pre-Reserva Habitaci\u00f3n Familiar\" \/>\n<meta property=\"og:url\" content=\"https:\/\/hosteriaboulevard.com\/index.php\/habitacion-familiar\/\" \/>\n<meta property=\"og:site_name\" content=\"Hosteria Boulevard\" \/>\n<meta property=\"article:modified_time\" content=\"2023-01-20T19:44:45+00:00\" \/>\n<meta property=\"og:image\" content=\"https:\/\/hosteriaboulevard.com\/wp-content\/uploads\/2023\/01\/fliar-768x739.jpeg\" \/>\n<meta name=\"twitter:card\" content=\"summary_large_image\" \/>\n<script type=\"application\/ld+json\" class=\"yoast-schema-graph\">{\"@context\":\"https:\/\/schema.org\",\"@graph\":[{\"@type\":\"WebPage\",\"@id\":\"https:\/\/hosteriaboulevard.com\/index.php\/habitacion-familiar\/\",\"url\":\"https:\/\/hosteriaboulevard.com\/index.php\/habitacion-familiar\/\",\"name\":\"HABITACION FAMILIAR - Hosteria Boulevard\",\"isPartOf\":{\"@id\":\"https:\/\/hosteriaboulevard.com\/#website\"},\"primaryImageOfPage\":{\"@id\":\"https:\/\/hosteriaboulevard.com\/index.php\/habitacion-familiar\/#primaryimage\"},\"image\":{\"@id\":\"https:\/\/hosteriaboulevard.com\/index.php\/habitacion-familiar\/#primaryimage\"},\"thumbnailUrl\":\"https:\/\/hosteriaboulevard.com\/wp-content\/uploads\/2023\/01\/fliar-768x739.jpeg\",\"datePublished\":\"2023-01-20T19:36:53+00:00\",\"dateModified\":\"2023-01-20T19:44:45+00:00\",\"breadcrumb\":{\"@id\":\"https:\/\/hosteriaboulevard.com\/index.php\/habitacion-familiar\/#breadcrumb\"},\"inLanguage\":\"es\",\"potentialAction\":[{\"@type\":\"ReadAction\",\"target\":[\"https:\/\/hosteriaboulevard.com\/index.php\/habitacion-familiar\/\"]}]},{\"@type\":\"ImageObject\",\"inLanguage\":\"es\",\"@id\":\"https:\/\/hosteriaboulevard.com\/index.php\/habitacion-familiar\/#primaryimage\",\"url\":\"https:\/\/hosteriaboulevard.com\/wp-content\/uploads\/2023\/01\/fliar.jpeg\",\"contentUrl\":\"https:\/\/hosteriaboulevard.com\/wp-content\/uploads\/2023\/01\/fliar.jpeg\",\"width\":1600,\"height\":1540},{\"@type\":\"BreadcrumbList\",\"@id\":\"https:\/\/hosteriaboulevard.com\/index.php\/habitacion-familiar\/#breadcrumb\",\"itemListElement\":[{\"@type\":\"ListItem\",\"position\":1,\"name\":\"Portada\",\"item\":\"https:\/\/hosteriaboulevard.com\/\"},{\"@type\":\"ListItem\",\"position\":2,\"name\":\"HABITACION FAMILIAR\"}]},{\"@type\":\"WebSite\",\"@id\":\"https:\/\/hosteriaboulevard.com\/#website\",\"url\":\"https:\/\/hosteriaboulevard.com\/\",\"name\":\"Hotel en Villa Mar\u00eda - Hosteria Boulevard\",\"description\":\"Villa Mar\u00eda\",\"publisher\":{\"@id\":\"https:\/\/hosteriaboulevard.com\/#organization\"},\"potentialAction\":[{\"@type\":\"SearchAction\",\"target\":{\"@type\":\"EntryPoint\",\"urlTemplate\":\"https:\/\/hosteriaboulevard.com\/?s={search_term_string}\"},\"query-input\":{\"@type\":\"PropertyValueSpecification\",\"valueRequired\":true,\"valueName\":\"search_term_string\"}}],\"inLanguage\":\"es\"},{\"@type\":\"Organization\",\"@id\":\"https:\/\/hosteriaboulevard.com\/#organization\",\"name\":\"Hotel Hosteria Boulevard\",\"url\":\"https:\/\/hosteriaboulevard.com\/\",\"logo\":{\"@type\":\"ImageObject\",\"inLanguage\":\"es\",\"@id\":\"https:\/\/hosteriaboulevard.com\/#\/schema\/logo\/image\/\",\"url\":\"https:\/\/hosteriaboulevard.com\/wp-content\/uploads\/2023\/01\/HOSTERIA-3.png\",\"contentUrl\":\"https:\/\/hosteriaboulevard.com\/wp-content\/uploads\/2023\/01\/HOSTERIA-3.png\",\"width\":500,\"height\":500,\"caption\":\"Hotel Hosteria Boulevard\"},\"image\":{\"@id\":\"https:\/\/hosteriaboulevard.com\/#\/schema\/logo\/image\/\"},\"sameAs\":[\"https:\/\/www.instagram.com\/hosteriaboulevard\/\"]}]}<\/script>\n<!-- \/ Yoast SEO plugin. -->","yoast_head_json":{"title":"HABITACION FAMILIAR - Hosteria Boulevard","robots":{"index":"index","follow":"follow","max-snippet":"max-snippet:-1","max-image-preview":"max-image-preview:large","max-video-preview":"max-video-preview:-1"},"canonical":"https:\/\/hosteriaboulevard.com\/index.php\/habitacion-familiar\/","og_locale":"es_ES","og_type":"article","og_title":"HABITACION FAMILIAR - Hosteria Boulevard","og_description":"HABITACI\u00d3N FAMILIAR Habitacion familiar, con 4 camas individuales y una doble, ba\u00f1o privado, televisor, calefaccion, aire acondicionado y ropa de cama Capacidad: 6 Personas m\u00e1ximo Formulario Pre-Reserva Habitaci\u00f3n Familiar","og_url":"https:\/\/hosteriaboulevard.com\/index.php\/habitacion-familiar\/","og_site_name":"Hosteria Boulevard","article_modified_time":"2023-01-20T19:44:45+00:00","og_image":[{"url":"https:\/\/hosteriaboulevard.com\/wp-content\/uploads\/2023\/01\/fliar-768x739.jpeg","type":"","width":"","height":""}],"twitter_card":"summary_large_image","schema":{"@context":"https:\/\/schema.org","@graph":[{"@type":"WebPage","@id":"https:\/\/hosteriaboulevard.com\/index.php\/habitacion-familiar\/","url":"https:\/\/hosteriaboulevard.com\/index.php\/habitacion-familiar\/","name":"HABITACION FAMILIAR - Hosteria Boulevard","isPartOf":{"@id":"https:\/\/hosteriaboulevard.com\/#website"},"primaryImageOfPage":{"@id":"https:\/\/hosteriaboulevard.com\/index.php\/habitacion-familiar\/#primaryimage"},"image":{"@id":"https:\/\/hosteriaboulevard.com\/index.php\/habitacion-familiar\/#primaryimage"},"thumbnailUrl":"https:\/\/hosteriaboulevard.com\/wp-content\/uploads\/2023\/01\/fliar-768x739.jpeg","datePublished":"2023-01-20T19:36:53+00:00","dateModified":"2023-01-20T19:44:45+00:00","breadcrumb":{"@id":"https:\/\/hosteriaboulevard.com\/index.php\/habitacion-familiar\/#breadcrumb"},"inLanguage":"es","potentialAction":[{"@type":"ReadAction","target":["https:\/\/hosteriaboulevard.com\/index.php\/habitacion-familiar\/"]}]},{"@type":"ImageObject","inLanguage":"es","@id":"https:\/\/hosteriaboulevard.com\/index.php\/habitacion-familiar\/#primaryimage","url":"https:\/\/hosteriaboulevard.com\/wp-content\/uploads\/2023\/01\/fliar.jpeg","contentUrl":"https:\/\/hosteriaboulevard.com\/wp-content\/uploads\/2023\/01\/fliar.jpeg","width":1600,"height":1540},{"@type":"BreadcrumbList","@id":"https:\/\/hosteriaboulevard.com\/index.php\/habitacion-familiar\/#breadcrumb","itemListElement":[{"@type":"ListItem","position":1,"name":"Portada","item":"https:\/\/hosteriaboulevard.com\/"},{"@type":"ListItem","position":2,"name":"HABITACION FAMILIAR"}]},{"@type":"WebSite","@id":"https:\/\/hosteriaboulevard.com\/#website","url":"https:\/\/hosteriaboulevard.com\/","name":"Hotel en Villa Mar\u00eda - Hosteria Boulevard","description":"Villa Mar\u00eda","publisher":{"@id":"https:\/\/hosteriaboulevard.com\/#organization"},"potentialAction":[{"@type":"SearchAction","target":{"@type":"EntryPoint","urlTemplate":"https:\/\/hosteriaboulevard.com\/?s={search_term_string}"},"query-input":{"@type":"PropertyValueSpecification","valueRequired":true,"valueName":"search_term_string"}}],"inLanguage":"es"},{"@type":"Organization","@id":"https:\/\/hosteriaboulevard.com\/#organization","name":"Hotel Hosteria Boulevard","url":"https:\/\/hosteriaboulevard.com\/","logo":{"@type":"ImageObject","inLanguage":"es","@id":"https:\/\/hosteriaboulevard.com\/#\/schema\/logo\/image\/","url":"https:\/\/hosteriaboulevard.com\/wp-content\/uploads\/2023\/01\/HOSTERIA-3.png","contentUrl":"https:\/\/hosteriaboulevard.com\/wp-content\/uploads\/2023\/01\/HOSTERIA-3.png","width":500,"height":500,"caption":"Hotel Hosteria Boulevard"},"image":{"@id":"https:\/\/hosteriaboulevard.com\/#\/schema\/logo\/image\/"},"sameAs":["https:\/\/www.instagram.com\/hosteriaboulevard\/"]}]}},"_links":{"self":[{"href":"https:\/\/hosteriaboulevard.com\/index.php\/wp-json\/wp\/v2\/pages\/833","targetHints":{"allow":["GET"]}}],"collection":[{"href":"https:\/\/hosteriaboulevard.com\/index.php\/wp-json\/wp\/v2\/pages"}],"about":[{"href":"https:\/\/hosteriaboulevard.com\/index.php\/wp-json\/wp\/v2\/types\/page"}],"author":[{"embeddable":true,"href":"https:\/\/hosteriaboulevard.com\/index.php\/wp-json\/wp\/v2\/users\/1"}],"replies":[{"embeddable":true,"href":"https:\/\/hosteriaboulevard.com\/index.php\/wp-json\/wp\/v2\/comments?post=833"}],"version-history":[{"count":19,"href":"https:\/\/hosteriaboulevard.com\/index.php\/wp-json\/wp\/v2\/pages\/833\/revisions"}],"predecessor-version":[{"id":860,"href":"https:\/\/hosteriaboulevard.com\/index.php\/wp-json\/wp\/v2\/pages\/833\/revisions\/860"}],"wp:attachment":[{"href":"https:\/\/hosteriaboulevard.com\/index.php\/wp-json\/wp\/v2\/media?parent=833"}],"curies":[{"name":"wp","href":"https:\/\/api.w.org\/{rel}","templated":true}]}}